t and 41.
41
Let m = 432 - 409. Calculate the highest common factor of 115 and m.
23
Let y be (101/404)/((-1)/(-56)). Suppose 0 = f + 2*b - 122, 543 = 3*f + 5*b + 175. What is the greatest common factor of f and y?
14
Suppose 64 - 24 = 8*k. Suppose k = d + 4*r - 67, 291 = 5*d - 3*r. What is the highest common factor of d and 20?
20
Suppose 657 = 19*v - 179. What is the greatest common factor of v and 330?
22
Let z be 110/(-385) + (-30)/(-7) + 1. What is the highest common factor of 80 and z?
5
Let w = -22 - -42. Let j = 36 + -52. Let u be (-212)/(-10) - j/w. Calculate the highest common factor of 2 and u.
2
Suppose -53*y + 41*y = -972. Calculate the highest common factor of 9 and y.
9
Let h(q) = -12*q - 123. Let l be h(-36). Calculate the greatest common divisor of l and 3.
3
Let h = -232 - -244. Suppose -21 = h*p - 15*p. Let l(u) = -34*u**3 + 1. Let g be l(-1). Calculate the highest common divisor of p and g.
7
Let h(a) = -a - 2. Let q be h(1). Let v be (-45)/(-7) - q/(-7). Suppose 3*k - 120 = -2*k. Calculate the greatest common factor of v and k.
6
Let j(z) = -z - 3. Let f be j(-7). Let h be f - ((-4)/(-2) - 1). Suppose 2*t - h = 17. Calculate the greatest common divisor of 10 and t.
10
Let i(m) = -33*m - 122. Let s be i(-9). What is the greatest common divisor of 14 and s?
7
Let m(t) = t**2 - 19*t + 33. Let x be m(22). Let u(z) = -z**3 + 12*z**2 + 13*z + 9. Let a be u(13). What is the greatest common divisor of a and x?
9
Suppose n - 4*y - y = 37, 2*n - 50 = -2*y. What is the highest common divisor of n and 783?
27
Let o = -85 + 79. Let z be (4/o)/((-22)/495). Let l(g) = -165*g. Let a be l(-1). Calculate the highest common factor of a and z.
15
Suppose 33 = 2*x - 3. Let q be ((-1 - -10) + 0)*1. Calculate the highest common factor of q and x.
9
Suppose -c - 4*v + 5 = 0, -8*v = -4*c - 4*v. Let s = 74 - 99. Let g be (5/(s/5))/((-1)/2). What is the greatest common factor of g and c?
1
Suppose 49*h = -3*h + 80652. What is the greatest common factor of h and 66?
33
Suppose -2*r - 2*v + 13 = v, 2*v + 38 = 2*r. Suppose -4*c + z + 14 = -3, 0 = 4*c + 2*z - r. Calculate the highest common divisor of 10 and c.
2
Let j(k) be the first derivative of k**3/3 + k**2/2 + 10*k - 48. Let m be j(3). Calculate the highest common divisor of m and 2.
2
Let h(v) = 10*v + 89. Let o be h(12). Calculate the greatest common divisor of 22 and o.
11
Let v(s) = -s**3 - 16*s**2 - 7*s - 407. Let u be v(-17). Let z = 18 - -7. Calculate the greatest common factor of z and u.
1
Let z = -220 + 285. Calculate the highest common divisor of z and 26.
13
Suppose 3*z - 9 = z + u, -6 = -2*u. Let l be (-4)/z + 250/15. Suppose -4 = -5*x + l. What is the greatest common factor of x and 36?
4
Let l be 8/(-6)*(-252)/(-8). Let t = l + 60. Suppose 6 = -2*g + 4*z + 32, -5*g - 4*z = -37. What is the highest common divisor of t and g?
9
Let d be ((4 - 31) + 2)/((-3)/6). Suppose -8*l + d = -3*l. What is the greatest common divisor of l and 20?
10
Let a = 24 - -6. Let k be (a - 9) + (-1 - 2). Calculate the greatest common divisor of 2 and k.
2
Let j = 66 + -41. Calculate the greatest common divisor of j and 225.
25
Let l be (-482)/(-12) - 1/6. Suppose 0 = 5*f + q - l, 4*q - 2 = f - 10. What is the highest common factor of f and 72?
8
Let y be 10/(-2*(-4)/(-16)). Let t = -16 - y. Let p(z) = z**2 + 3. Let q be p(-5). What is the highest common factor of t and q?
4
Suppose 0*w + 196 = 4*w. Let p = -29 + w. Calculate the highest common factor of p and 30.
10
Let y(k) = k**2 - 11*k + 4. Let l be y(11). Let x = -91 + 127. Calculate the highest common factor of x and l.
4
Suppose 0 = 14*v - 12*v + 4. Let h be v/(-2) - (-2 - 1). Let t be -4*2/h - -92. What is the greatest common divisor of t and 10?
10
Suppose 12 = 2*l + 4. Let u(x) = x**2 - 2*x - 5. Let t be u(l). What is the highest common factor of 3 and t?
3
Let b = -389 + 396. What is the greatest common factor of 5 and b?
1
Let c = -8 + 13. Let i(j) = -j**2 - 22*j - 56. Let v be i(-11). Calculate the highest common divisor of c and v.
5
Let y = 6 - 4. Suppose 132*b = 128*b + 16. Calculate the greatest common factor of b and y.
2
Let k(h) be the second derivative of 2*h**3/3 - 9*h**2/2 + 29*h. Let p be k(16). Calculate the greatest common divisor of 55 and p.
55
Let k(g) = 32*g - 247. Let s be k(11). Calculate the highest common factor of s and 42.
21
Suppose 5*j - 91 = 2*p, 4*j = 4*p - 54 + 242. Let s = p + 66. Calculate the highest common divisor of s and 12.
6
Suppose -2*t = -4, n + 0*t = 3*t - 7. Let g = 2 + n. What is the greatest common factor of 8 and g?
1
Let a(m) = -m**3 + 22*m**2 - 36*m - 31. Let o be a(20). What is the greatest common divisor of o and 245?
49
Let l(x) = x**2 - 3*x - 13. Let q be l(-7). Calculate the greatest common factor of q and 6.
3
Let h(b) = -127*b - 4. Let a be h(-3). Calculate the greatest common factor of a and 29.
29
Let b be 4 + (-9 - -1542) + 0. What is the highest common factor of b and 29?
29
Let h be 131 + (-4 - 8/(-4)). Let v = 11 + h. What is the highest common divisor of v and 28?
28
Let j = -208 + 211. What is the greatest common divisor of j and 3?
3
Let m = 3974 + -2597. What is the highest common divisor of 51 and m?
51
Suppose 28*l - 1423 = 257. What is the greatest common divisor of 192 and l?
12
Suppose -12*g + 496 = -8*g. Let o = -118 + g. Calculate the highest common divisor of o and 15.
3
Let l be 227 - -4*(-9 - -10). Calculate the greatest common factor of 210 and l.
21
Let i = -24 + 59. Let n = 3 + 0. Suppose 3*d - f - 44 = 0, -f = 3*d - n*f - 46. Calculate the highest common factor of i and d.
7
Suppose -2*m - 4 = -0*m. Let n(u) = -64*u + 4*u**2 - 1 + 27*u + 34*u. Let y be n(m). What is the highest common factor of y and 147?
21
Let q = -4868 + 4886. Let k be 12/(-7)*(-21)/2. What is the greatest common divisor of q and k?
18
Let z(q) = 2*q**2 + 12*q + 13. Let w be -3 + 7 - (-3)/(6/(-22)). Let c be z(w). Calculate the highest common factor of 297 and c.
27
Let w = 215 - -192. What is the highest common divisor of w and 11?
11
Suppose -151*l = -143*l - 3240. What is the greatest common factor of 45 and l?
45
Suppose 5*s - 120 = 2*s. Let v be 2/8 + 1131/52. Suppose -2*i + v = -3*d - d, -4*i + 23 = -d. What is the greatest common divisor of s and i?
5
Suppose -8*r + 26*r - 24966 = 0. Calculate the highest common divisor of r and 73.
73
Suppose -r + 5 + 0 = 0. Suppose r*h + 0*h - 35 = 0. Let l be ((-6)/h)/(1/(-28)). What is the highest common factor of 36 and l?
12
Let x be 2/7 + (5214/77 - 8). Suppose -4*f + 5 = -0*s - s, -4*s + 65 = f. What is the greatest common divisor of s and x?
15
Suppose 4*z - 38 = 3*i, 0 = 4*i + i + 3*z + 15. Let s(y) = 21*y + 1. Let t be s(i). Let a = 175 + t. Calculate the highest common factor of a and 10.
10
Let u(l) = 21*l + 29. Let t be u(13). Suppose -1102 + t = -4*g. Calculate the greatest common divisor of 25 and g.
25
Let a = 3716 - 2041. What is the greatest common factor of 5 and a?
5
Suppose -7*t + 114 = -5*t. Suppose 5*b + z - 87 = 3*z, 2*z = 4*b - 68. What is the greatest common factor of b and t?
19
Let m(i) = 0*i**2 + 2*i**2 + i**2 - 42 + 33*i - 4*i**2. Let d be m(22). What is the greatest common factor of d and 25?
25
Let j = -202 + 402. Calculate the greatest common factor of 75 and j.
25
Suppose 181 + 27 = 2*l. Let h = -96 + l. Suppose -1 = -q - 2*k + 5, -4*k - 4 = q. What is the highest common factor of q and h?
8
Suppose 3*q - 3*w - 2991 + 684 = 0, -4*q = 4*w - 3084. What is the highest common divisor of 66 and q?
22
Suppose 3*f - 45 = -0*f. Let i(s) = -25*s + 19. Let r be i(-6). Let b = r - 109. What is the highest common divisor of b and f?
15
Let p(f) = f**3 + f**2 - f - 7. Let z be p(8). Calculate the highest common factor of z and 34.
17
Let b be 46736/38 + (-48)/(-456). Calculate the greatest common divisor of 45 and b.
15
Suppose s + 19 = -5*k, -4*k - 12 = -k. Let y be ((-45)/(-12))/(s/4). Let i = 35 - 20. What is the greatest common factor of i and y?
15
Let t = 35 - 20. Suppose -3732 = -19*g + t*g. Suppose 3*a + 240 = g. What is the greatest common divisor of a and 21?
21
Let r be (-5)/25 + (-183)/(-15). Calculate the highest common factor of r and 204.
12
Suppose 8*j - 2*q + 232 = 4*j, -4*j - 224 = 2*q. Let v = -69 + 39. Let n = v - 